s the greatest common factor of h and t?
5
Let i = 202 + 221. Calculate the highest common factor of i and 9.
9
Suppose 0 = -10*r + 17 + 3. Suppose -5*u + 4*z + z = -120, 2*u - 44 = -r*z. What is the greatest common factor of 115 and u?
23
Let x(g) = -g**2 - 14*g - 21. Let p be x(-14). Let z = p + 23. Calculate the highest common divisor of z and 14.
2
Let j = -51 + 73. Suppose 25*y = j*y + 216. What is the greatest common factor of y and 24?
24
Let x be 4/22 + 2373/77. Let a = x - 24. Calculate the greatest common factor of 14 and a.
7
Let a be (-6)/(-3) - (-1 + 15). Let w(j) = -3*j - 2. Let b be w(5). Let r = a - b. Calculate the highest common divisor of 25 and r.
5
Let h(y) = 3*y**2 - 5*y - 3. Let u be h(4). Let q be (-5320)/(-224) - 2/(8/(-5)). What is the highest common factor of u and q?
25
Suppose 60 + 26 = -2*y. Let a be -90 - (2 - (-1 + 5)). Let x = y - a. What is the highest common divisor of 5 and x?
5
Let f = 235 + -189. What is the greatest common factor of 230 and f?
46
Let s(l) = -l**3 - 8*l**2 + 9*l + 10. Let m be s(-9). Suppose -2*y = -m, 0 = -5*d - 0*y - 3*y + 105. Calculate the highest common factor of d and 54.
18
Suppose -5*k = -0*k - 25. Suppose 0 = -5*o - 7 - 3, 0 = h - k*o - 16. What is the greatest common divisor of h and 9?
3
Suppose 5*l + 2 = 142. Suppose 4*g - 3*g - l = 0. Let i be 4016/g + 6/(-14). What is the greatest common factor of i and 13?
13
Let c be 470 - -1 - 4 - 3. Suppose 616 = 5*t - c. Let y(s) = s**3 + 7*s**2 + 6*s + 3. Let k be y(-4). Calculate the highest common factor of k and t.
27
Suppose 6275 = 6*x - 7045. What is the greatest common factor of x and 120?
60
Let s be 18/3 - 5 - -16. What is the highest common factor of 425 and s?
17
Let u = -1641 - -1643. What is the greatest common factor of u and 50?
2
Suppose 6*r + 1017 = 2937. What is the highest common factor of r and 16?
16
Suppose 22*l = 21*l + 247. What is the greatest common divisor of l and 19?
19
Suppose 3*j = -5*m + 9, -1 + 7 = -2*m. What is the highest common factor of j and 116?
4
Suppose -5*c + 59 = 4*y + 5, -5*c + 5*y = -90. Let r(a) = 3*a - 22. Let q be r(-10). Let f = q - -59. What is the highest common factor of c and f?
7
Suppose -74*m - 5304 = -108*m. Calculate the highest common factor of m and 48.
12
Let z be 1/(33/(-17) - -2). Let s = 542 - -68. Suppose 2*r - l = -3*l + 310, -l - s = -4*r. Calculate the greatest common factor of r and z.
17
Let y be ((-27)/(-12))/((-2)/24*-3). What is the highest common factor of 153 and y?
9
Let y(o) be the second derivative of 13*o**4/6 - o**3/3 + o**2/2 - 15*o. Let p be y(1). Suppose 2*d = 4*d - 20. Calculate the highest common factor of p and d.
5
Suppose -2*t + 9 = -51. Let o = -58 - -108. Calculate the highest common divisor of t and o.
10
Suppose 768 = 7*f + 243. Suppose -3*u + 24 = -f. Calculate the highest common divisor of 132 and u.
33
Let n(o) = o**2 + 8*o + 8. Let r be n(-7). Let i(l) = 7*l**2 - l. Let h be i(r). Suppose 25 - 151 = -14*x. What is the greatest common divisor of x and h?
3
Suppose 0 = 4*k - 4*a - 112, -3*k + 5*a = -4*k + 10. Let t = -10 + 15. What is the highest common divisor of k and t?
5
Suppose 0 = -5*w + 25*w - 440. Let p be 22/(-8)*(2 + -14). What is the highest common divisor of w and p?
11
Suppose 236*y + 38 = 237*y. Calculate the highest common divisor of 19 and y.
19
Let q(u) = -u - 12. Let d be q(-14). Suppose d*y + g + 1 = 0, y + y - 3*g - 3 = 0. Suppose y = j - 49 - 15. Calculate the highest common divisor of j and 8.
8
Let k = -3290 + 5801. What is the greatest common factor of 31 and k?
31
Suppose -6*o = -8*o + 364. Suppose -50*b - 70 = -55*b. Calculate the greatest common factor of o and b.
14
Let a = -7 + 10. Let d be a*6 - (-7 + 9). Calculate the greatest common divisor of 24 and d.
8
Suppose 2*w - 28 = 4*w. Let z(a) = a**2 + 7*a - 33. Let n be z(w). What is the highest common factor of n and 26?
13
Let u(c) = c**2 - 28*c + 4. Let y be u(28). Calculate the greatest common factor of 124 and y.
4
Let c be (-3 - (-1 - -174))*(-21)/14. What is the highest common divisor of c and 33?
33
Let g be 36/21*14/4. Let o be 4 - (-4)/(8/g). What is the highest common divisor of 7 and o?
7
Let f(g) = 2*g**3 + 2*g**2 - 2*g. Let p be f(2). Let l(m) = 15*m - 265. Let z be l(21). What is the greatest common divisor of p and z?
10
Let x be ((-3)/(-6)*0)/1. Let h be (3 + (-2 - x))*53 + 3. Calculate the greatest common divisor of 14 and h.
14
Let c = 215 - 63. Suppose -39 = -2*a - 4*j - 21, -77 = -3*a + 4*j. What is the greatest common divisor of a and c?
19
Suppose -189 = -22*h + 31. What is the greatest common factor of 4 and h?
2
Let x = -527 + 583. Let l be 25/3 + 3/(-9). Calculate the greatest common divisor of x and l.
8
Let m be (11/((-55)/50))/(-2). Suppose m*h - 192 = 2*h. Calculate the greatest common divisor of 8 and h.
8
Let c(d) = -7*d - 2. Suppose -2*h + 2*n + 4 = 2, -17 = 4*h + 3*n. Let i be c(h). Let k = 211 - 193. What is the greatest common divisor of i and k?
6
Suppose -z = 4*m - 0*z - 16, -3*m + 1 = -2*z. Suppose m*p - 4*w = -8, -4*p + 13 = 3*w - 18. Let a be 4/2 + 1 - 1. What is the highest common factor of a and p?
2
Suppose 0 = 68*p - 6427 + 307. What is the greatest common factor of 486 and p?
18
Let n be ((-196)/(-21))/((-16)/(-24)). What is the greatest common factor of 49 and n?
7
Suppose 2*n - 7 = -3*q, -2*q - q + 4 = 5*n. Let s be (n + 8 + -1)/1. Calculate the greatest common factor of 24 and s.
6
Let t be 60 + (2/(-13))/((-11)/143). Calculate the greatest common divisor of 682 and t.
62
Let u = -39 - -32. Let h(d) be the second derivative of d**4/12 + d**3 + 5*d**2/2 + d. Let y be h(u). Calculate the greatest common divisor of y and 30.
6
Let t(b) = b**2 - 9*b - 52. Let o be t(29). Calculate the highest common factor of 48 and o.
48
Let x(g) = -3*g**2 + 4*g + 8. Let j be x(6). Let p = j - -186. Calculate the greatest common divisor of p and 22.
22
Let r be 2*-1 - (-19 - 5). Let u(n) = n**2 + 2*n + 2. Let k be u(-1). Let m be k - ((-956)/4 + -2). What is the highest common divisor of r and m?
22
Suppose -288 = -4*h - 4*t, 5*h + 14*t - 15*t - 342 = 0. What is the highest common factor of 23 and h?
23
Suppose -51*y + 3444 = -23*y. Calculate the highest common factor of y and 205.
41
Suppose 5*n - 4*u = -20 + 171, 0 = u + 4. Let d = 136 + -118. Calculate the greatest common factor of d and n.
9
Suppose -3*v + 462 = 8*v. What is the highest common divisor of v and 28?
14
Suppose -208 = -2*u + 2*o, 5*u + 4*o - 101 = 374. Let q = 36 + -24. Let y be (-8)/q*(-54)/4. Calculate the greatest common factor of u and y.
9
Let p be (382 - 11)/(2/6). What is the greatest common divisor of p and 21?
21
Let t = 8 - 6. Suppose -i + 0*g = 4*g - 212, t*g = i - 224. What is the greatest common factor of 88 and i?
44
Suppose v = -4*a - 178, 9*a - 4*a + 2*v = -221. Let n = a + 53. Calculate the highest common factor of n and 24.
8
Let h be (-2590)/(-20)*(-12)/(-21). Calculate the greatest common divisor of h and 407.
37
Suppose -276 - 703 = -11*p. What is the highest common factor of 2581 and p?
89
Let k = -37 + 42. Suppose 0 = -k*n + 10, 4*n - 47 = f - 4*f. Calculate the greatest common divisor of f and 143.
13
Suppose 66 = 8*l - 150. What is the greatest common factor of 432 and l?
27
Let i = 1151 - 791. Let y be i/4*(-6)/(-4). Let t(l) = -l + 6. Let d be t(-9). What is the greatest common factor of d and y?
15
Suppose 2*i + 0*i + 4 = 0, 0 = 2*w - i - 22. Let j be 12/(-1 - w/(-4)). What is the greatest common factor of 56 and j?
8
Let g(n) = -87*n - 3. Let z be g(-4). What is the highest common factor of 15 and z?
15
Let r = -57 + 93. Let b(g) = -g + 7. Let z be b(3). What is the greatest common factor of z and r?
4
Suppose 5*z - 120 = -5*j, -j + z = 2*j - 88. Let i = 908 - 904. Calculate the highest common factor of j and i.
4
Let k(d) = 38*d + 70. Let x be k(8). Calculate the greatest common factor of x and 22.
22
Let n = -10 + 23. Let s be 1*(4 - (1 + n)). Let b be ((-432)/(-40))/((-2)/s). What is the greatest common factor of 6 and b?
6
Suppose 5*d - 42 + 28 = -3*r, r = -d + 2. Let g = -16 - -40. Calculate the highest common factor of d and g.
4
Suppose 2*q = -3*g + 23, 2 = -4*g - 3*q + 34. Let w be ((-5)/3)/((-1)/(24 - 3)). Calculate the greatest co